[INFO] cloning repository https://github.com/ROki1988/etw_client
[INFO] running `Command { std: "git" "-c" "credential.helper=" "-c" "credential.helper=/workspace/cargo-home/bin/git-credential-null" "clone" "--bare" "https://github.com/ROki1988/etw_client" "/workspace/cache/git-repos/https%3A%2F%2Fgithub.com%2FROki1988%2Fetw_client", kill_on_drop: false }`
[INFO] [stderr] Cloning into bare repository '/workspace/cache/git-repos/https%3A%2F%2Fgithub.com%2FROki1988%2Fetw_client'...
[INFO] running `Command { std: "git" "rev-parse" "HEAD", kill_on_drop: false }`
[INFO] [stdout] 4d3f079468c24ba4b0183a3f4712841cffcc0445
[INFO] checking ROki1988/etw_client against master#af3c6e733a40e671550e0f0f5aeecaa13772ba56 for pr-74989
[INFO] running `Command { std: "git" "clone" "/workspace/cache/git-repos/https%3A%2F%2Fgithub.com%2FROki1988%2Fetw_client" "/workspace/builds/worker-8/source", kill_on_drop: false }`
[INFO] [stderr] Cloning into '/workspace/builds/worker-8/source'...
[INFO] [stderr] done.
[INFO] validating manifest of git repo https://github.com/ROki1988/etw_client on toolchain af3c6e733a40e671550e0f0f5aeecaa13772ba56
[INFO] running `Command { std: "/workspace/cargo-home/bin/cargo" "+af3c6e733a40e671550e0f0f5aeecaa13772ba56" "read-manifest" "--manifest-path" "Cargo.toml", kill_on_drop: false }`
[INFO] started tweaking git repo https://github.com/ROki1988/etw_client
[INFO] finished tweaking git repo https://github.com/ROki1988/etw_client
[INFO] tweaked toml for git repo https://github.com/ROki1988/etw_client written to /workspace/builds/worker-8/source/Cargo.toml
[INFO] crate git repo https://github.com/ROki1988/etw_client already has a lockfile, it will not be regenerated
[INFO] running `Command { std: "/workspace/cargo-home/bin/cargo" "+af3c6e733a40e671550e0f0f5aeecaa13772ba56" "fetch" "--locked" "--manifest-path" "Cargo.toml", kill_on_drop: false }`
[INFO] [stderr]     Blocking waiting for file lock on package cache
[INFO] running `Command { std: "docker" "create" "-v" "/var/lib/crater-agent-workspace/builds/worker-8/target:/opt/rustwide/target:rw,Z" "-v" "/var/lib/crater-agent-workspace/builds/worker-8/source:/opt/rustwide/workdir:ro,Z" "-v" "/var/lib/crater-agent-workspace/cargo-home:/opt/rustwide/cargo-home:ro,Z" "-v" "/var/lib/crater-agent-workspace/rustup-home:/opt/rustwide/rustup-home:ro,Z" "-e" "SOURCE_DIR=/opt/rustwide/workdir" "-e" "CARGO_TARGET_DIR=/opt/rustwide/target" "-e" "CARGO_HOME=/opt/rustwide/cargo-home" "-e" "RUSTUP_HOME=/opt/rustwide/rustup-home" "-w" "/opt/rustwide/workdir" "-m" "1610612736" "--user" "0:0" "--network" "none" "rustops/crates-build-env@sha256:d92eaeed33fa75130ca1ee6c8a01d1ffb62bac859dfdfb3450e3e5d1c0146529" "/opt/rustwide/cargo-home/bin/cargo" "+af3c6e733a40e671550e0f0f5aeecaa13772ba56" "metadata" "--no-deps" "--format-version=1", kill_on_drop: false }`
[INFO] [stdout] 67216597273c50be66e54cae8e6ce24d5250518823bf49efeb2e20d82d4cba33
[INFO] [stderr] WARNING: Your kernel does not support swap limit capabilities or the cgroup is not mounted. Memory limited without swap.
[INFO] running `Command { std: "docker" "start" "-a" "67216597273c50be66e54cae8e6ce24d5250518823bf49efeb2e20d82d4cba33", kill_on_drop: false }`
[INFO] running `Command { std: "docker" "inspect" "67216597273c50be66e54cae8e6ce24d5250518823bf49efeb2e20d82d4cba33", kill_on_drop: false }`
[INFO] running `Command { std: "docker" "rm" "-f" "67216597273c50be66e54cae8e6ce24d5250518823bf49efeb2e20d82d4cba33", kill_on_drop: false }`
[INFO] [stdout] 67216597273c50be66e54cae8e6ce24d5250518823bf49efeb2e20d82d4cba33
[INFO] running `Command { std: "docker" "create" "-v" "/var/lib/crater-agent-workspace/builds/worker-8/target:/opt/rustwide/target:rw,Z" "-v" "/var/lib/crater-agent-workspace/builds/worker-8/source:/opt/rustwide/workdir:ro,Z" "-v" "/var/lib/crater-agent-workspace/cargo-home:/opt/rustwide/cargo-home:ro,Z" "-v" "/var/lib/crater-agent-workspace/rustup-home:/opt/rustwide/rustup-home:ro,Z" "-e" "SOURCE_DIR=/opt/rustwide/workdir" "-e" "CARGO_TARGET_DIR=/opt/rustwide/target" "-e" "CARGO_INCREMENTAL=0" "-e" "RUST_BACKTRACE=full" "-e" "RUSTFLAGS=--cap-lints=forbid" "-e" "CARGO_HOME=/opt/rustwide/cargo-home" "-e" "RUSTUP_HOME=/opt/rustwide/rustup-home" "-w" "/opt/rustwide/workdir" "-m" "1610612736" "--user" "0:0" "--network" "none" "rustops/crates-build-env@sha256:d92eaeed33fa75130ca1ee6c8a01d1ffb62bac859dfdfb3450e3e5d1c0146529" "/opt/rustwide/cargo-home/bin/cargo" "+af3c6e733a40e671550e0f0f5aeecaa13772ba56" "check" "--frozen" "--all" "--all-targets" "--message-format=json", kill_on_drop: false }`
[INFO] [stdout] da2b94ff023cf677922cbdc18db437b3231bc642396141e82c49eeff3b159e5f
[INFO] [stderr] WARNING: Your kernel does not support swap limit capabilities or the cgroup is not mounted. Memory limited without swap.
[INFO] running `Command { std: "docker" "start" "-a" "da2b94ff023cf677922cbdc18db437b3231bc642396141e82c49eeff3b159e5f", kill_on_drop: false }`
[INFO] [stderr]    Compiling winapi v0.3.0-alpha.0 (https://github.com/ROki1988/winapi-rs.git?branch=etw#026722b8)
[INFO] [stderr]     Checking serde v1.0.16
[INFO] [stderr]     Checking widestring v0.2.2
[INFO] [stderr]     Checking chrono v0.4.0
[INFO] [stderr]     Checking etw_client v0.1.0 (/opt/rustwide/workdir)
[INFO] [stdout] error[E0432]: unresolved import `winapi::um`
[INFO] [stdout]   --> src/main.rs:13:13
[INFO] [stdout]    |
[INFO] [stdout] 13 | use winapi::um::errhandlingapi;
[INFO] [stdout]    |             ^^ could not find `um` in `winapi`
[INFO] [stdout] 
[INFO] [stdout] 
[INFO] [stdout] error[E0432]: unresolved import `winapi::um`
[INFO] [stdout]   --> src/main.rs:14:13
[INFO] [stdout]    |
[INFO] [stdout] 14 | use winapi::um::eventtrace;
[INFO] [stdout]    |             ^^ could not find `um` in `winapi`
[INFO] [stdout] 
[INFO] [stdout] 
[INFO] [stdout] error[E0433]: failed to resolve: could not find `shared` in `winapi`
[INFO] [stdout]    --> src/main.rs:208:17
[INFO] [stdout]     |
[INFO] [stdout] 208 |     use winapi::shared::ntdef::{PSHORT, PUSHORT, PLONG, PULONG, PULONGLONG, DOUBLE, PCHAR, PUCHAR, PLONGLONG};
[INFO] [stdout]     |                 ^^^^^^ could not find `shared` in `winapi`
[INFO] [stdout] 
[INFO] [stdout] 
[INFO] [stdout] error[E0433]: failed to resolve: could not find `shared` in `winapi`
[INFO] [stdout]    --> src/main.rs:209:17
[INFO] [stdout]     |
[INFO] [stdout] 209 |     use winapi::shared::minwindef::{PFLOAT, PBOOL};
[INFO] [stdout]     |                 ^^^^^^ could not find `shared` in `winapi`
[INFO] [stdout] 
[INFO] [stdout] 
[INFO] [stdout] error[E0432]: unresolved import `winapi::shared`
[INFO] [stdout]   --> src/main.rs:16:13
[INFO] [stdout]    |
[INFO] [stdout] 16 | use winapi::shared::winerror;
[INFO] [stdout]    |             ^^^^^^ could not find `shared` in `winapi`
[INFO] [stdout] 
[INFO] [stdout] 
[INFO] [stdout] error[E0412]: cannot find type `PCHAR` in this scope
[INFO] [stdout]    --> src/main.rs:278:81
[INFO] [stdout]     |
[INFO] [stdout] 278 |             eventtrace::TDH_INTYPE_INT8 => TdhProperty::Int8(*(buff.as_ptr() as PCHAR)),
[INFO] [stdout]     |                                                                                 ^^^^^ not found in this scope
[INFO] [stdout] 
[INFO] [stdout] 
[INFO] [stdout] error[E0412]: cannot find type `PUCHAR` in this scope
[INFO] [stdout]    --> src/main.rs:279:83
[INFO] [stdout]     |
[INFO] [stdout] 279 |             eventtrace::TDH_INTYPE_UINT8 => TdhProperty::UInt8(*(buff.as_ptr() as PUCHAR)),
[INFO] [stdout]     |                                                                                   ^^^^^^ not found in this scope
[INFO] [stdout] 
[INFO] [stdout] 
[INFO] [stdout] error[E0412]: cannot find type `PSHORT` in this scope
[INFO] [stdout]    --> src/main.rs:280:83
[INFO] [stdout]     |
[INFO] [stdout] 280 |             eventtrace::TDH_INTYPE_INT16 => TdhProperty::Int16(*(buff.as_ptr() as PSHORT)),
[INFO] [stdout]     |                                                                                   ^^^^^^ not found in this scope
[INFO] [stdout] 
[INFO] [stdout] 
[INFO] [stdout] error[E0412]: cannot find type `PUSHORT` in this scope
[INFO] [stdout]    --> src/main.rs:281:85
[INFO] [stdout]     |
[INFO] [stdout] 281 |             eventtrace::TDH_INTYPE_UINT16 => TdhProperty::UInt16(*(buff.as_ptr() as PUSHORT)),
[INFO] [stdout]     |                                                                                     ^^^^^^^ not found in this scope
[INFO] [stdout] 
[INFO] [stdout] 
[INFO] [stdout] error[E0412]: cannot find type `PLONG` in this scope
[INFO] [stdout]    --> src/main.rs:282:83
[INFO] [stdout]     |
[INFO] [stdout] 282 |             eventtrace::TDH_INTYPE_INT32 => TdhProperty::Int32(*(buff.as_ptr() as PLONG)),
[INFO] [stdout]     |                                                                                   ^^^^^ not found in this scope
[INFO] [stdout] 
[INFO] [stdout] 
[INFO] [stdout] error[E0412]: cannot find type `PULONG` in this scope
[INFO] [stdout]    --> src/main.rs:283:85
[INFO] [stdout]     |
[INFO] [stdout] 283 |             eventtrace::TDH_INTYPE_UINT32 => TdhProperty::UInt32(*(buff.as_ptr() as PULONG)),
[INFO] [stdout]     |                                                                                     ^^^^^^ not found in this scope
[INFO] [stdout] 
[INFO] [stdout] 
[INFO] [stdout] error[E0412]: cannot find type `PLONGLONG` in this scope
[INFO] [stdout]    --> src/main.rs:284:83
[INFO] [stdout]     |
[INFO] [stdout] 284 |             eventtrace::TDH_INTYPE_INT64 => TdhProperty::Int64(*(buff.as_ptr() as PLONGLONG)),
[INFO] [stdout]     |                                                                                   ^^^^^^^^^ not found in this scope
[INFO] [stdout] 
[INFO] [stdout] 
[INFO] [stdout] error[E0412]: cannot find type `PULONGLONG` in this scope
[INFO] [stdout]    --> src/main.rs:285:85
[INFO] [stdout]     |
[INFO] [stdout] 285 |             eventtrace::TDH_INTYPE_UINT64 => TdhProperty::UInt64(*(buff.as_ptr() as PULONGLONG)),
[INFO] [stdout]     |                                                                                     ^^^^^^^^^^ not found in this scope
[INFO] [stdout] 
[INFO] [stdout] 
[INFO] [stdout] error[E0412]: cannot find type `PFLOAT` in this scope
[INFO] [stdout]    --> src/main.rs:286:83
[INFO] [stdout]     |
[INFO] [stdout] 286 |             eventtrace::TDH_INTYPE_FLOAT => TdhProperty::Float(*(buff.as_ptr() as PFLOAT)),
[INFO] [stdout]     |                                                                                   ^^^^^^ not found in this scope
[INFO] [stdout] 
[INFO] [stdout] 
[INFO] [stdout] error[E0412]: cannot find type `DOUBLE` in this scope
[INFO] [stdout]    --> src/main.rs:287:92
[INFO] [stdout]     |
[INFO] [stdout] 287 |             eventtrace::TDH_INTYPE_DOUBLE => TdhProperty::Double(*(buff.as_ptr() as *const DOUBLE)),
[INFO] [stdout]     |                                                                                            ^^^^^^ not found in this scope
[INFO] [stdout] 
[INFO] [stdout] 
[INFO] [stdout] error[E0412]: cannot find type `PBOOL` in this scope
[INFO] [stdout]    --> src/main.rs:288:84
[INFO] [stdout]     |
[INFO] [stdout] 288 |             eventtrace::TDH_INTYPE_BOOLEAN => TdhProperty::Bool(*(buff.as_ptr() as PBOOL) != 0),
[INFO] [stdout]     |                                                                                    ^^^^^ not found in this scope
[INFO] [stdout] 
[INFO] [stdout] 
[INFO] [stdout] error[E0412]: cannot find type `PULONG` in this scope
[INFO] [stdout]    --> src/main.rs:314:44
[INFO] [stdout]     |
[INFO] [stdout] 314 |         let map_value = *(buff.as_ptr() as PULONG);
[INFO] [stdout]     |                                            ^^^^^^ not found in this scope
[INFO] [stdout] 
[INFO] [stdout] 
[INFO] [stdout] warning: unnecessary parentheses around function argument
[INFO] [stdout]    --> src/main.rs:348:30
[INFO] [stdout]     |
[INFO] [stdout] 348 |             Ok((read_wstring((p_info as *const u8),
[INFO] [stdout]     |                              ^^^^^^^^^^^^^^^^^^^^^ help: remove these parentheses
[INFO] [stdout]     |
[INFO] [stdout]     = note: `#[warn(unused_parens)]` on by default
[INFO] [stdout] 
[INFO] [stdout] 
[INFO] [stdout] error[E0432]: unresolved import `winapi::um`
[INFO] [stdout]   --> src/main.rs:13:13
[INFO] [stdout]    |
[INFO] [stdout] 13 | use winapi::um::errhandlingapi;
[INFO] [stdout]    |             ^^ could not find `um` in `winapi`
[INFO] [stdout] 
[INFO] [stdout] 
[INFO] [stdout] error[E0432]: unresolved import `winapi::um`
[INFO] [stdout]   --> src/main.rs:14:13
[INFO] [stdout]    |
[INFO] [stdout] 14 | use winapi::um::eventtrace;
[INFO] [stdout]    |             ^^ could not find `um` in `winapi`
[INFO] [stdout] 
[INFO] [stdout] 
[INFO] [stdout] error[E0433]: failed to resolve: could not find `shared` in `winapi`
[INFO] [stdout]    --> src/main.rs:208:17
[INFO] [stdout]     |
[INFO] [stdout] 208 |     use winapi::shared::ntdef::{PSHORT, PUSHORT, PLONG, PULONG, PULONGLONG, DOUBLE, PCHAR, PUCHAR, PLONGLONG};
[INFO] [stdout]     |                 ^^^^^^ could not find `shared` in `winapi`
[INFO] [stdout] 
[INFO] [stdout] 
[INFO] [stdout] error[E0433]: failed to resolve: could not find `shared` in `winapi`
[INFO] [stdout]    --> src/main.rs:209:17
[INFO] [stdout]     |
[INFO] [stdout] 209 |     use winapi::shared::minwindef::{PFLOAT, PBOOL};
[INFO] [stdout]     |                 ^^^^^^ could not find `shared` in `winapi`
[INFO] [stdout] 
[INFO] [stdout] 
[INFO] [stdout] error[E0432]: unresolved import `winapi::shared`
[INFO] [stdout]   --> src/main.rs:16:13
[INFO] [stdout]    |
[INFO] [stdout] 16 | use winapi::shared::winerror;
[INFO] [stdout]    |             ^^^^^^ could not find `shared` in `winapi`
[INFO] [stdout] 
[INFO] [stdout] 
[INFO] [stdout] error[E0412]: cannot find type `PCHAR` in this scope
[INFO] [stdout]    --> src/main.rs:278:81
[INFO] [stdout]     |
[INFO] [stdout] 278 |             eventtrace::TDH_INTYPE_INT8 => TdhProperty::Int8(*(buff.as_ptr() as PCHAR)),
[INFO] [stdout]     |                                                                                 ^^^^^ not found in this scope
[INFO] [stdout] 
[INFO] [stdout] 
[INFO] [stdout] error[E0412]: cannot find type `PUCHAR` in this scope
[INFO] [stdout]    --> src/main.rs:279:83
[INFO] [stdout]     |
[INFO] [stdout] 279 |             eventtrace::TDH_INTYPE_UINT8 => TdhProperty::UInt8(*(buff.as_ptr() as PUCHAR)),
[INFO] [stdout]     |                                                                                   ^^^^^^ not found in this scope
[INFO] [stdout] 
[INFO] [stdout] 
[INFO] [stdout] error[E0412]: cannot find type `PSHORT` in this scope
[INFO] [stdout]    --> src/main.rs:280:83
[INFO] [stdout]     |
[INFO] [stdout] 280 |             eventtrace::TDH_INTYPE_INT16 => TdhProperty::Int16(*(buff.as_ptr() as PSHORT)),
[INFO] [stdout]     |                                                                                   ^^^^^^ not found in this scope
[INFO] [stdout] 
[INFO] [stdout] 
[INFO] [stdout] error[E0412]: cannot find type `PUSHORT` in this scope
[INFO] [stdout]    --> src/main.rs:281:85
[INFO] [stdout]     |
[INFO] [stdout] 281 |             eventtrace::TDH_INTYPE_UINT16 => TdhProperty::UInt16(*(buff.as_ptr() as PUSHORT)),
[INFO] [stdout]     |                                                                                     ^^^^^^^ not found in this scope
[INFO] [stdout] 
[INFO] [stdout] 
[INFO] [stdout] error[E0412]: cannot find type `PLONG` in this scope
[INFO] [stdout]    --> src/main.rs:282:83
[INFO] [stdout]     |
[INFO] [stdout] 282 |             eventtrace::TDH_INTYPE_INT32 => TdhProperty::Int32(*(buff.as_ptr() as PLONG)),
[INFO] [stdout]     |                                                                                   ^^^^^ not found in this scope
[INFO] [stdout] 
[INFO] [stdout] 
[INFO] [stdout] error[E0412]: cannot find type `PULONG` in this scope
[INFO] [stdout]    --> src/main.rs:283:85
[INFO] [stdout]     |
[INFO] [stdout] 283 |             eventtrace::TDH_INTYPE_UINT32 => TdhProperty::UInt32(*(buff.as_ptr() as PULONG)),
[INFO] [stdout]     |                                                                                     ^^^^^^ not found in this scope
[INFO] [stdout] 
[INFO] [stdout] 
[INFO] [stdout] error[E0412]: cannot find type `PLONGLONG` in this scope
[INFO] [stdout]    --> src/main.rs:284:83
[INFO] [stdout]     |
[INFO] [stdout] 284 |             eventtrace::TDH_INTYPE_INT64 => TdhProperty::Int64(*(buff.as_ptr() as PLONGLONG)),
[INFO] [stdout]     |                                                                                   ^^^^^^^^^ not found in this scope
[INFO] [stdout] 
[INFO] [stdout] 
[INFO] [stdout] error[E0412]: cannot find type `PULONGLONG` in this scope
[INFO] [stdout]    --> src/main.rs:285:85
[INFO] [stdout]     |
[INFO] [stdout] 285 |             eventtrace::TDH_INTYPE_UINT64 => TdhProperty::UInt64(*(buff.as_ptr() as PULONGLONG)),
[INFO] [stdout]     |                                                                                     ^^^^^^^^^^ not found in this scope
[INFO] [stdout] 
[INFO] [stdout] 
[INFO] [stdout] error[E0412]: cannot find type `PFLOAT` in this scope
[INFO] [stdout]    --> src/main.rs:286:83
[INFO] [stdout]     |
[INFO] [stdout] 286 |             eventtrace::TDH_INTYPE_FLOAT => TdhProperty::Float(*(buff.as_ptr() as PFLOAT)),
[INFO] [stdout]     |                                                                                   ^^^^^^ not found in this scope
[INFO] [stdout] 
[INFO] [stdout] 
[INFO] [stdout] error[E0412]: cannot find type `DOUBLE` in this scope
[INFO] [stdout]    --> src/main.rs:287:92
[INFO] [stdout]     |
[INFO] [stdout] 287 |             eventtrace::TDH_INTYPE_DOUBLE => TdhProperty::Double(*(buff.as_ptr() as *const DOUBLE)),
[INFO] [stdout]     |                                                                                            ^^^^^^ not found in this scope
[INFO] [stdout] 
[INFO] [stdout] 
[INFO] [stdout] error[E0412]: cannot find type `PBOOL` in this scope
[INFO] [stdout]    --> src/main.rs:288:84
[INFO] [stdout]     |
[INFO] [stdout] 288 |             eventtrace::TDH_INTYPE_BOOLEAN => TdhProperty::Bool(*(buff.as_ptr() as PBOOL) != 0),
[INFO] [stdout]     |                                                                                    ^^^^^ not found in this scope
[INFO] [stdout] 
[INFO] [stdout] 
[INFO] [stdout] error[E0412]: cannot find type `PULONG` in this scope
[INFO] [stdout]    --> src/main.rs:314:44
[INFO] [stdout]     |
[INFO] [stdout] 314 |         let map_value = *(buff.as_ptr() as PULONG);
[INFO] [stdout]     |                                            ^^^^^^ not found in this scope
[INFO] [stdout] 
[INFO] [stdout] 
[INFO] [stdout] warning: unnecessary parentheses around function argument
[INFO] [stdout]    --> src/main.rs:348:30
[INFO] [stdout]     |
[INFO] [stdout] 348 |             Ok((read_wstring((p_info as *const u8),
[INFO] [stdout]     |                              ^^^^^^^^^^^^^^^^^^^^^ help: remove these parentheses
[INFO] [stdout]     |
[INFO] [stdout]     = note: `#[warn(unused_parens)]` on by default
[INFO] [stdout] 
[INFO] [stdout] 
[INFO] [stdout] error: aborting due to 17 previous errors; 1 warning emitted
[INFO] [stdout] 
[INFO] [stdout] 
[INFO] [stdout] Some errors have detailed explanations: E0412, E0432, E0433.
[INFO] [stdout] 
[INFO] [stdout] For more information about an error, try `rustc --explain E0412`.
[INFO] [stdout] 
[INFO] [stderr] error: could not compile `etw_client`.
[INFO] [stderr] 
[INFO] [stderr] To learn more, run the command again with --verbose.
[INFO] [stderr] warning: build failed, waiting for other jobs to finish...
[INFO] [stdout] error: aborting due to 17 previous errors; 1 warning emitted
[INFO] [stdout] 
[INFO] [stdout] 
[INFO] [stdout] Some errors have detailed explanations: E0412, E0432, E0433.
[INFO] [stdout] 
[INFO] [stdout] For more information about an error, try `rustc --explain E0412`.
[INFO] [stdout] 
[INFO] [stderr] error: build failed
[INFO] running `Command { std: "docker" "inspect" "da2b94ff023cf677922cbdc18db437b3231bc642396141e82c49eeff3b159e5f", kill_on_drop: false }`
[INFO] running `Command { std: "docker" "rm" "-f" "da2b94ff023cf677922cbdc18db437b3231bc642396141e82c49eeff3b159e5f", kill_on_drop: false }`
[INFO] [stdout] da2b94ff023cf677922cbdc18db437b3231bc642396141e82c49eeff3b159e5f
